 -141) + (-3 - 20)?
-18
What is -35 - -35 - (-20 + -1) - (-1 + 8)?
14
Evaluate -24 + 14 - (-5 + 1 + 4 + 0).
-10
Calculate (23 - 14) + -7 + (-2 - -10).
10
-1 - -11 - (33 - 6)
-17
What is (-23 - -10) + 2 + 12 + -10?
-9
Evaluate -21 + (16 + 4 - -9).
8
Calculate -3 + 1 - 0 - (100 + 35 + -106).
-31
Calculate -16 + (12 - (-4 + 1)).
-1
Calculate (-24 - -3) + (27 - 12 - 5) + 0.
-11
Evaluate -2 - (-24 + 28 - 18).
12
What is the value of -16 + -18 + 48 + (2 - -2)?
18
Calculate 8 - (-12 + (11 - 15)).
24
Calculate (0 - -10 - 0 - 2) + -31.
-23
Evaluate (4 - -1) + (-3 - (-6 - (7 + -2))).
13
Calculate (0 - 1 - (-4 - -15)) + 5.
-7
Calculate -10 - (-41 + -7 + 28).
10
What is 12 - (-5 + -11 + (3 - -49))?
-24
Evaluate 1 + 9 + 24 + -14 + -13.
7
7 - (-18 - -23) - (-17 - 6)
25
(-52 + 64 - (1 - 0)) + -8
3
-21 + 11 + (2 - 11) - -11
-8
22 - (3 - (-1 - -7) - -14)
11
Calculate -9 - -2 - (-1 + (-5 - (-5 + 6))).
0
What is 285 + -297 - (-1 + -26)?
15
-10 - (-6 + (-9 - 4 - -21))
-12
What is (-19 - -21) + -6 - -5?
1
Evaluate -11 + 46 + -30 + (-1 - (-2 - 18)).
24
What is 5 - 4 - -14 - (35 + 4)?
-24
(414 - 401) + -47 + 0
-34
Evaluate 11 + -7 + -2 + -9 + 8.
1
What is the value of (12 - 18 - 0) + 6?
0
-15 - 2 - (3 - 15)
-5
Calculate 4 + (-3 - (-5 + (14 - 4))).
-4
What is the value of -7 + (5 - 11 - 3) + 5?
-11
Evaluate 2 + (-32 + 14 - -28).
12
Evaluate -3 + 0 + 24 + 4 + -47.
-22
Calculate (2 + 0 - (5 + -5 - 1)) + 2.
5
What is 7 - -11 - (80 + -73)?
11
0 + -4 + (0 - (33 - 19) - -4)
-14
What is the value of -5 - (10 + (10 - 13)) - 8 - 9?
-29
What is 0 + -9 + (-8 + -1 - (-71 + 69))?
-16
-6 + (-7 - -10) - -6
3
What is the value of -7 + 34 + -14 - 5?
8
What is -40 - (-23 + (45 - 48))?
-14
What is -961 + 940 + 0 + 2?
-19
Calculate 12 - -3 - (-332 - -356).
-9
What is the value of 10 + -2 - ((-21 - -6) + 9 - -4)?
10
-66 + 157 - 64 - (-5 + (1 - 1))
32
Evaluate 7 + 0 + 11 + -6.
12
14 - (4 + -1 - (6 - 8))
9
What is the value of 58 + -70 - (0 - 2)?
-10
What is (317 - 130) + -186 - (-1 + 1 + 14)?
-13
-15 + (-4 - (-2 - -2) - (-83 + 74))
-10
Calculate (-9 - (-1 - -7)) + 10.
-5
What is -11 + (-22 + 34 - -23 - (1 - -1))?
22
What is the value of (-3 - -2 - -2) + 10 - (60 + -56)?
7
Evaluate 324 + -327 - (0 - (4 + -1)).
0
What is the value of -496 - -501 - (-1 - (-11 + 1 + 2))?
-2
Evaluate 2 + (1 - 4) - (-1 + -8 + 11).
-3
Calculate -55 - (1 - 32) - -13.
-11
Evaluate -21 + (-3 - (-5 - (-4 + -1))) + 6.
-18
What is 53 - 65 - (-16 - 1)?
5
What is (4 - 7) + 14 - (12 + -5)?
4
Evaluate 1 + 24 + -16 + 33 + -25.
17
What is the value of -50 - -13 - -17 - -38?
18
What is the value of (22 - 7) + -13 - -3?
5
What is 45 + -79 + 36 + (-1 - 1 - 5)?
-5
What is -30 - 0 - (8 - 14)?
-24
Evaluate 31 + (-80 - (-18 - 8)).
-23
Evaluate -2 + 2 - -4 - (14 - (12 - -3)).
5
Calculate (23 - 27 - -8) + -2 + -25 + 0.
-23
What is the value of 5 - (-4 + -4 + 3 - (4 - 5))?
9
Calculate 11 - (8 - (8 + -13) - 1).
-1
18 + -22 + 1 + 20
17
What is 4 + -7 + -5 + 0 + -11?
-19
5 - (-10 + (-14 - -28) - -17)
-16
(5 - (11 - 10)) + (-3 - 0) + 16
17
What is (23 + -11 - 18) + 11 + -1?
4
1 + (-5 - (1 + 5 - (0 + 14)))
4
Calculate 4 + -2 + (12 - 10) + -15 - -3.
-8
Evaluate -9 + 0 + 16 + -2 + -12.
-7
-1 + 5 + -27 + -8 + -12 + 35
-8
What is the value of (1 - -5) + -9 + -19 + 4 + -3?
-21
-1 + 1 + (-30 - (18 + -31))
-17
-19 - (-6 + 0) - -19
6
Calculate (-76 - -68 - -27) + -1 + 7.
25
What is -5 + 9 - (0 + -4 + -2 - -3)?
7
Evaluate (-4 - -13) + -5 + 12 + -5 + -4.
7
Evaluate (-8 - (-45 + 50)) + (0 - 4).
-17
What is 27 + -29 - ((9 - 1) + (-8 - -8))?
-10
Evaluate -8 + 15 + -10 + 5 + -4.
-2
Evaluate 1 - 5 - (-6 - -4) - 6.
-8
What is the value of (-4 - (-9 + -4) - 5) + (-1 - -11)?
14
4 + (5 - (11 + -13))
11
What is 1 - (-2 + 1 + -4 + -1)?
7
Calculate -8 + 4 - -22 - ((10 - 7) + -2).
17
Evaluate (-4 - (8 + -5)) + 17 + -5.
5
Calculate (9 - 2) + -2 + -18 - -2.
-11
What is -13 - (0 + 2) - (-136 + 135) - 9?
-23
What is -11 + (3 - (-16 - -8 - -3))?
-3
What is the value of 7 - 24 - -15 - -9?
7
Calculate 19 + -17 - 6 - -10.
6
Evaluate -5232 + 5259 - (1 + 3 + -1).
24
-3 - (0 - (11 - 0)) - 20
-12
What is the value of 0 + 1 + (-10 - (-21 - -9 - -13))?
-10
Calculate (-13 - (-6 + -2)) + (10 - 2).
3
79 + -89 + (-10 - -49)
29
What is the value of 14 - (16 + 13) - (-4 - -1)?
-12
What is the value of 2 + -4 + 0 - (22 + 3 - 9)?
-18
Evaluate (23 - 1) + (5 + 2 - -7).
36
Evaluate ((-29 - -10) + 19 - -19) + -45.
-26
Evaluate -1 + -17 - (84 + -92).
-10
Calculate (-16 - 1) + -77 + 118 + -38.
-14
What is 14 + -7 - -2 - -6 - 36?
-21
What is the value of (35 - 30) + (10 - -4)?
19
What is (2 - -2) + (-4 - 6 - (-1 + 8))?
-13
-28 + -20 + 39 + (10 - -1)
2
Evaluate (19 + -23 - (-10 - 1)) + -4 + -13.
-10
Evaluate (43 - 24) + 6 - 4.
21
What is -4 + 7 + (-58 - -23)?
-32
Evaluate (8 - -2 - (21 - (-2 + 4))) + 37.
28
What is the value of -63 - -36 - -35 - (-1 - -1)?
8
Evaluate 136 + -129 + (-1 - 9) - -3.
0
What is -3 + (2 + -1 - 2 - -8)?
4
What is -9 + 12 + -5 + (5 + -2 - 9)?
-8
Calculate (-23 - (4 + -4 - 3)) + 4.
-16
What is 6 - (-6 + 23 + 2 + 2 + -1)?
-14
Calculate (-12 - -4 - 2) + (1 - -10) + 9.
10
Calculate 0 + -25 - (-17 - -4 - -6).
-18
Evaluate (10 + 7 - 12) + -12.
-7
Evaluate 25 - (63 + -47 - 26).
35
Evaluate -8 + -16 + (28 - 8).
-4
Calculate 5 + -4 + -2 - (15 - 0).
-16
Evaluate (-3 - 0) + -71 + 58 + -7.
-23
What is -9 + -8 + 3 + -4 + 7?
-11
What is the value of (11 - 5 - (0 - -13)) + 61 + -40?
14
What is (-2067 - -2050) + 19 + 0?
2
Calculate 14 - 2 - (-1 - (0 + 2) - -2).
13
Evaluate -2 + -2 + 7 + 16 + 5 + -13.
11
What is -25 + 2 + -22 + 46?
1
Calculate (-9 - (9 + -25) - 39) + 8.
-24
What is the value of (5 + -3 + 11 - -7) + (-10 - -12)?
22
What is 3 - 7 - ((31 - 27) + (-5 - -2))?
-5
What is the value of -9 + -4 + 3 + 18?
8
What is (0 + -4 - (-86 + 84)) + -2 + -2?
-6
-3 + 5 - (1 - (0 + -12))
-11
What is (-3 - (-2 - 0)) + (5 - -1)?
5
Evaluate (-1 - -9) + (26 - 78) + 33.
-11
What is the value of 19 + -26 - (-14 + 2 + 8)?
-3
Evaluate 3 - (0 - -5) - (-1 - 15 - 12).
26
Evaluate -14 - (10 + -9 + -6).
-9
Evaluate (-5 + 12 - -6) + -1 - 26.
-14
Evaluate (-20 + 3 - (13 + -22)) + 14.
6
What is (-30 - (12 + -7)) + 19?
-16
(-8 - 2 - -9) + 9
8
Calculate (24 - 1 - (7 - 9 - -10)) + -3.
12
-5 + -4 + 19 + -3
7
What is -9 + ((5 - 3) + -9 + -7 - -6)?
-17
Calculate -5 + (-31 - (-13 + -3 + 3)).
-23
Evaluate (9 + -10 - 3) + 3 + 3.
2
What is the value of (-52 - (30 + -47)) + (0 + -1 - -7)?
-29
What is (-37 - 1 - (-22 + 9)) + 3?
-22
What is (5 + -13 - -4) + (-6 - 4)?
-14
29 + 1 - (73 - 41 - 21)
19
Evaluate -11 + 1 + (-5 - -14) - 7.
-8
Calculate -4 + (11 - 4) - (3 + -11).
11
What is the value of 2 + 13 + -1 + -122 + 111?
3
What is the value of 4 + (-3 - -1) + -5 + 8 + -6?
-1
Evaluate (1 - 2) + (-73 - -79).
5
Evaluate (51 - 2) + 16 + (-48 - -21) - 8.
30
Evaluate 11 - 23 - ((1 - -7) + -3 - 10).
-7
-9 - (0 - 10 - 0 - (-203 + 199))
-3
What is the value of 12 + (-25 - -14 - (-23 + 3) - -12)?
33
-32 + -2 + -7 + 62
21
Evaluate (13 - 2) + 6 + -1 + -4 + 0.
12
Evaluate -18 - -18 - (2 - -2).
-4
9 + 9 + -21 - (7 + 3)
-13
What is -128 + 127 + (2 - -25) + -5 + -1?
20
Calculate 8 - (35 + -24 + (-19 - 1)).
17
What is the value of 11 - (-11 - (-31 - -4))?
-5
Evaluate -6 - (-11 - -5) - ((-5 - 9) + 6).
8
Evaluate -16 + 13 + (-4 - 10 - 0).
-17
Calculate 6 - (-7 + 25 - 1 - 1).
-10
What is 24 + -1 - ((20 - 45) + 30)?
18
What is -13 + (-26 - -17) + 6?
-16
What is the value of 1 + 1 + (-15 - (-8 + (-14 - -27)))?
-18
What is the value of 12 - ((-2 - 14) + 40)?
-12
Calculate -25 - -41 - (10 + -3).
9
Evaluate 18 - (-9 + 12 + 0) - 39.
-24
Evaluate (-50 - (-5 + -7 + 1) - -11) + 8.
-20
26 + -16 - (4 + -1)
7
Calculate (11 - 25) + 7 + 0 + (45 - 21).
17
What is the value of (1 - (4 + 0) - (3 - 1)) + 0?
-5
Evaluate 6 + 16 + -11 + (13 + 3 - 3).
24
27 + (-6 - 5) - (7 + 1) - -8
16
Evaluate (5 - 6) + 4 + 1 + 0 - 3.
1
Calculate 4 + 0 - (278 + -274).
0
What is the value of 1 - 5 - -24 - 6 - 25?
-11
Evaluate -9 - -3 - (20 - (23 + -7)).
-10
What is -29 + 12 + -3 + 35?
15
Evaluate (-2 - -1) + 16 - (2189 + -2151).
-23
38 - 65 - (-15 + -9)
-3
Evaluate 25 + (-13 - -5) + -6.
11
Evaluate -2 - (6 - (9 - (-2 - 3))) - 12.
-6
Calculate -2 + 8 + 13 + -19 + 15.
15
Evaluate 8 - 0 - 5 - (3 - 12).
12
Calculate -5 - (-7 - (-31 + (-10 - -28))).
-11
Evaluate -1 + (16 + -34